(base 8) in base 15?
39eac6
Convert 22011102102 (base 3) to base 14.
427ba
What is 1223011320 (base 4) in base 3?
211021201020
Convert 12200011022122 (base 3) to base 11.
1779a4a
Convert 182878 (base 9) to base 12.
55982
What is 10296 (base 13) in base 15?
88ec
Convert -74646 (base 15) to base 3.
-200202120110
What is ac932 (base 15) in base 10?
548822
-1222133320 (base 4) to base 11
-278810
What is -4731564 (base 10) in base 4?
-102003022230
31022200011 (base 4) to base 15
482740
Convert -b8158 (base 12) to base 6.
-5104552
What is -8192a (base 14) in base 3?
-120211210220
Convert 2202200112001 (base 3) to base 14.
2a3a31
435aa (base 13) to base 2
11101101111011100
-1359789 (base 10) to base 7
-14362254
1312311020 (base 4) to base 11
302760
Convert 10000100110000100 (base 2) to base 13.
24c28
Convert -1b797 (base 14) to base 9.
-116144
3209bd (base 14) to base 3
10011222022101
What is 14c958 (base 14) in base 15?
e52c3
-262a0 (base 12) to base 2
-1100110000011000
Convert -123121213 (base 4) to base 11.
-77359
-546210 (base 8) to base 10
-183432
2102342043 (base 5) to base 8
20435061
What is 15020 (base 11) in base 12?
10406
Convert 2520302 (base 6) to base 15.
29e7e
-12345451 (base 7) to base 12
-460751
6c7208 (base 16) to base 13
161ab96
Convert 2210220111111 (base 3) to base 8.
5546105
-4199b82 (base 13) to base 4
-1030020121010
Convert 3554241 (base 6) to base 4.
231132301
21274134 (base 8) to base 14
86727a
What is -111110110010000011 (base 2) in base 9?
-431667
Convert -1324730 (base 8) to base 14.
-99396
What is 88200 (base 9) in base 8?
162162
1582023 (base 14) to base 13
2249778
What is 15483a (base 12) in base 5?
43014442
213d0 (base 14) to base 15
18c16
-219513 (base 13) to base 5
-200314111
What is -10201102220222 (base 3) in base 9?
-3642828
Convert -1302002322 (base 4) to base 14.
-c2346
What is 1734636 (base 9) in base 6?
32425010
Convert 7052330 (base 8) to base 2.
111000101010011011000
Convert -22100211100 (base 3) to base 14.
-43dd2
What is -15153335 (base 6) in base 10?
-528251
-127249 (base 10) to base 11
-87671
-100001110101101010 (base 2) to base 6
-2545402
Convert 3953d7 (base 14) to base 12.
7b2241
What is 110111102111 (base 3) in base 5?
30332413
What is -1112000122122 (base 3) in base 6?
-25150155
Convert -140343223 (base 6) to base 10.
-2828607
What is 5461 (base 14) in base 10?
14589
-a6b57 (base 12) to base 7
-1602406
d0dd (base 14) to base 2
1000110000011011
6a6915 (base 14) to base 4
31312010213
What is 40320 (base 12) in base 6?
1442040
What is -6c3c98 (base 14) in base 5?
-1421324104
What is -138a957 (base 12) in base 7?
-45202600
34000400 (base 5) to base 10
296975
What is -121001130300 (base 4) in base 5?
-3134401121
Convert -219721 (base 12) to base 15.
-a87aa
What is -13122443 (base 5) in base 4?
-133223110
What is -75003a (base 11) in base 8?
-4450735
What is a0dbe (base 15) in base 16?
7c5aa
What is 428b4 (base 12) in base 10?
87688
Convert 303023423 (base 5) to base 6.
42054224
What is 23422142 (base 5) in base 11?
13918a
Convert 638655 (base 10) to base 3.
1012110001220
-ae731 (base 16) to base 2
-10101110011100110001
What is -3310033313 (base 4) in base 14?
-1c083d
Convert 2568521 (base 10) to base 11.
14a484a
18f6b2 (base 16) to base 4
12033122302
Convert -100b56b (base 12) to base 5.
-1232141140
Convert -112121201021 (base 3) to base 9.
-477637
Convert -222044433 (base 5) to base 4.
-3231101130
Convert 233204333 (base 5) to base 16.
10511f
Convert 13114024 (base 5) to base 11.
89133
-71131 (base 14) to base 2
-1000010011000010111
-102110010012 (base 3) to base 11
-144341
-323103012 (base 4) to base 7
-2031060
Convert -238755 (base 9) to base 14.
-3a7c2
-8230 (base 12) to base 10
-14148
-1011000110110011001101 (base 2) to base 4
-23012303031
Convert 101a3 (base 14) to base 8.
113543
-12400330 (base 5) to base 8
-356155
Convert -6415143 (base 7) to base 3.
-1110111021120
Convert -9a0597 (base 14) to base 3.
-100211111022001
1300620 (base 7) to base 14
45510
-1102121 (base 6) to base 8
-153201
Convert 1936e (base 16) to base 3.
12020200010
What is 141473 (base 9) in base 10?
86412
What is -1553485 (base 9) in base 3?
-1121210112212
What is -661233 (base 7) in base 3?
-12212201200
What is -7314353 (base 10) in base 2?
-11011111001101110110001
36267 (base 14) to base 11
90358
What is -154420 (base 8) in base 16?
-d910
Convert -31751 (base 11) to base 16.
-b44d
23775 (base 8) to base 11
7767
Convert 4542231 (base 6) to base 11.
148792
-2187020 (base 11) to base 10
-3830640
What is 2699e (base 15) in base 4?
132030122
Convert 92614 (base 10) to base 14.
25a74
What is 2772712 (base 8) in base 12?
319722
20113344 (base 5) to base 10
160474
Convert 5ab60 (base 15) to base 5.
33230230
42060345 (base 7) to base 5
1401402211
Convert 23355111 (base 7) to base 2.
111110111111101100111
What is -248708 (base 9) in base 8?
-446335
Convert -2262242 (base 7) to base 2.
-1000101010111100100
Convert 71132 (base 8) to base 13.
1042b
What is -32332 (base 14) in base 2?
-11101101000011000
What is 31212301 (base 4) in base 5?
3240404
Convert -1011110000101100101 (base 2) to base 4.
-1132011211
-1561b25 (base 12) to base 14
-816229
Convert 2767421 (base 11) to base 8.
22140625
What is -1319920 (base 11) in base 14?
-435b1b
774358 (base 12) to base 15
276478
250330 (base 7) to base 5
2431122
What is -14144244 (base 5) in base 6?
-3051424
What is 7142385 (base 10) in base 16?
6cfbf1
Convert -17428 (base 11) to base 13.
-b1a6
Convert -1a2950 (base 11) to base 16.
-4bfe3
What is 34902 (base 16) in base 2?
110100100100000010
What is -1210100021012 (base 3) in base 16?
-e84f3
Convert -5985246 (base 11) to base 16.
-9f2b6b
Convert 10001100001111101101 (base 2) to base 3.
1002011222202
What is 157246 (base 10) in base 13?
5675b
What is 52c27 (base 15) in base 16?
401d4
122122101022020 (base 3) to base 11
5324880
Convert -1043144 (base 5) to base 12.
-a899
Convert 38e5d9 (base 15) to base 5.
1144403304
Convert -8267314 (base 10) to base 13.
-1936003
-1a42aa (base 11) to base 16
-4c73b
What is 240043 (base 6) in base 2?
101000100011011
What is 225066 (base 9) in base 16?
20f0d
-972c6b (base 13) to base 2
-1101100010001110101011
-36a706 (base 13) to base 12
-531218
5662 (base 14) to base 7
61452
What is 1140450 (base 7) in base 3?
21022221010
What is -4549cd (base 14) in base 12?
-957721
What is -11000011010100100 (base 2) in base 13?
-36698
-172a27e (base 15) to base 6
-1400551215
-2630124 (base 7) to base 10
-343410
Convert -2123202 (base 6) to base 14.
-2a094
-8c14 (base 13) to base 12
-b431
41305412 (base 6) to base 12
495268
What is -27b7e (base 16) in base 11?
-101257
111311113 (base 4) to base 11
61211
-2b1c9 (base 14) to base 16
-1a37d
-153624 (base 8) to base 13
-1c173
Convert 4252340 (base 6) to base 15.
41ed0
Convert 55d11 (base 15) to base 4.
1002220231
Convert -1111211112 (base 3) to base 14.
-abc4
26368 (base 14) to base 13
33a0c
Convert 4684c (base 15) to base 5.
24141442
What is -20010202 (base 4) in base 9?
-50311
What is 143100 (base 7) in base 3?
1101201010
Convert 10093813 (base 10) to base 8.
46402365
What is -6760436 (base 8) in base 11?
-1038802
Convert 23416541 (base 8) to base 15.
6b1c89
What is 4c3903 (base 13) in base 2?
111000000001111110011
Convert -888728 (base 10) to base 2.
-11011000111110011000
Convert -241110 (base 7) to base 4.
-22221201
Convert 36ab33 (base 15) to base 2.
1001111111001100100100
Convert -622aa (base 12) to base 2.
-11111010100100010
7319ca (base 14) to base 13
a60253
19b63 (base 15) to base 5
10133233
What is 922966 (base 12) in base 11?
1321391
Convert 22232253 (base 6) to base 4.
2210112021
What is -10022200021210 (base 3) in base 10?
-1765119
-1bac1d (base 14) to base 3
-1212022022210
5dc6a (base 14) to base 15
48318
-13412231 (base 6) to base 9
-760141
What is 253b20 (base 12) in base 16?
94788
1330201 (base 4) to base 5
223334
103923 (base 10) to base 6
2121043
1286798 (base 10) to base 7
13636412
-157713 (base 11) to base 13
-87348
Convert -10010100110101001101001 (base 2) to base 3.
-100011202212010
Convert -103442222 (base 6) to base 10.
-1856390
11110100101100011000011 (base 2) to base 6
443504523
What is -11020212202212 (base 3) in base 5?
-1034324232
Convert 4490304 (bas